{"id":5028,"date":"2021-04-13T07:36:52","date_gmt":"2021-04-13T06:36:52","guid":{"rendered":"http:\/\/85.10.154.84\/~controle\/nieuws\/zonwerende-glasfolie-bij-daikin-combinatie-glasfolie-met-airco-ideaal\/"},"modified":"2023-10-23T15:34:13","modified_gmt":"2023-10-23T14:34:13","slug":"zonwerende-glasfolie-bij-daikin-combinatie-glasfolie-met-airco-ideaal","status":"publish","type":"nieuws","link":"https:\/\/www.glasfolie.nl\/fr\/nieuws\/zonwerende-glasfolie-bij-daikin-combinatie-glasfolie-met-airco-ideaal\/","title":{"rendered":"FILM EN VERRE DE CONTR\u00d4LE SOLAIRE CHEZ DAIKIN - FILM EN VERRE COMBIN\u00c9 AVEC UN SYST\u00c8ME DE CONDITIONNEMENT D'AIR ID\u00c9AL"},"content":{"rendered":"<div id=\"ember436\" class=\"feed-shared-update-v2__description-wrapper ember-view\">\n<div id=\"ember437\" class=\"feed-shared-inline-show-more-text feed-shared-update-v2__description feed-shared-inline-show-more-text--minimal-padding feed-shared-inline-show-more-text--expanded ember-view\" tabindex=\"-1\" data-artdeco-is-focused=\"true\">\n<div id=\"ember438\" class=\"feed-shared-text relative feed-shared-update-v2__commentary ember-view\" dir=\"ltr\" style=\"text-align: left;\"><span class=\"break-words\"><span dir=\"ltr\">[ezcol_2third]Ook bij&nbsp;<a href=\"https:\/\/www.linkedin.com\/company\/daikin-europe-nv\/\" data-attribute-index=\"0\" data-entity-hovercard-id=\"urn:li:fs_miniCompany:10118\" data-entity-type=\"MINI_COMPANY\">Daikin Europe<\/a>&nbsp;bleek de combinatie van een airco samen met onze Zonwerende Glasfolie de perfecte oplossing voor het binnenklimaat.<br \/>\nZonwerende Glasfolie houdt maar liefst 84% van de warmte buiten! (TNO getest)[\/ezcol_2third] [ezcol_1third_end]<a href=\"https:\/\/www.glasfolie.nl\/wp-content\/uploads\/2023\/10\/ZonweringB_25-02-2021.jpg\" data-rel=\"lightbox-image-0\" data-rl_title=\"\" data-rl_caption=\"\" title=\"\"><img loading=\"lazy\" decoding=\"async\" class=\"alignnone size-medium wp-image-9072 aligncenter\" src=\"https:\/\/www.glasfolie.nl\/wp-content\/uploads\/2023\/10\/ZonweringB_25-02-2021-300x300.jpg\" alt=\"ZonweringB_25-02-2021\" width=\"300\" height=\"300\"><\/a>[\/ezcol_1third_end]<br \/>\n<\/span><\/span><\/div>\n<div dir=\"ltr\" style=\"text-align: left;\">&nbsp;<\/div>\n<\/div>\n<\/div>\n","protected":false},"featured_media":5029,"template":"","class_list":["post-5028","nieuws","type-nieuws","status-publish","has-post-thumbnail","hentry"],"acf":[],"yoast_head":"<!-- This site is optimized with the Yoast SEO Premium plugin v22.6 (Yoast SEO v27.5) - https:\/\/yoast.com\/product\/yoast-seo-premium-wordpress\/ -->\n<title>ZONWERENDE GLASFOLIE BIJ DAIKIN - GLASFOLIE &amp; AIRCO COMBI<\/title>\n<meta name=\"description\" content=\"Ook bij\u00a0Daikin Europe\u00a0bleek de combinatie van een airco samen met onze Zonwerende Glasfolie de perfecte oplossing voor het binnenklimaat.\" \/>\n<meta name=\"robots\" content=\"index, follow, max-snippet:-1, max-image-preview:large, max-video-preview:-1\" \/>\n<link rel=\"canonical\" href=\"https:\/\/www.glasfolie.nl\/fr\/nieuws\/zonwerende-glasfolie-bij-daikin-combinatie-glasfolie-met-airco-ideaal\/\" \/>\n<meta property=\"og:locale\" content=\"fr_FR\" \/>\n<meta property=\"og:type\" content=\"article\" \/>\n<meta property=\"og:title\" content=\"ZONWERENDE GLASFOLIE BIJ DAIKIN - COMBINATIE GLASFOLIE MET AIRCO IDEAAL\" \/>\n<meta property=\"og:description\" content=\"Ook bij\u00a0Daikin Europe\u00a0bleek de combinatie van een airco samen met onze Zonwerende Glasfolie de perfecte oplossing voor het binnenklimaat.\" \/>\n<meta property=\"og:url\" content=\"https:\/\/www.glasfolie.nl\/fr\/nieuws\/zonwerende-glasfolie-bij-daikin-combinatie-glasfolie-met-airco-ideaal\/\" \/>\n<meta property=\"og:site_name\" content=\"Glasfolie Suncontrol\" \/>\n<meta property=\"article:modified_time\" content=\"2023-10-23T14:34:13+00:00\" \/>\n<meta property=\"og:image\" content=\"https:\/\/www.glasfolie.nl\/wp-content\/uploads\/2023\/10\/ZonweringB_25-02-2021.jpg\" \/>\n\t<meta property=\"og:image:width\" content=\"850\" \/>\n\t<meta property=\"og:image:height\" content=\"850\" \/>\n\t<meta property=\"og:image:type\" content=\"image\/jpeg\" \/>\n<meta name=\"twitter:card\" content=\"summary_large_image\" \/>\n<meta name=\"twitter:label1\" content=\"Dur\u00e9e de lecture estim\u00e9e\" \/>\n\t<meta name=\"twitter:data1\" content=\"1 minute\" \/>\n<script type=\"application\/ld+json\" class=\"yoast-schema-graph\">{\"@context\":\"https:\\\/\\\/schema.org\",\"@graph\":[{\"@type\":\"WebPage\",\"@id\":\"https:\\\/\\\/www.glasfolie.nl\\\/nieuws\\\/zonwerende-glasfolie-bij-daikin-combinatie-glasfolie-met-airco-ideaal\\\/\",\"url\":\"https:\\\/\\\/www.glasfolie.nl\\\/nieuws\\\/zonwerende-glasfolie-bij-daikin-combinatie-glasfolie-met-airco-ideaal\\\/\",\"name\":\"ZONWERENDE GLASFOLIE BIJ DAIKIN - GLASFOLIE & AIRCO COMBI\",\"isPartOf\":{\"@id\":\"https:\\\/\\\/www.glasfolie.nl\\\/#website\"},\"primaryImageOfPage\":{\"@id\":\"https:\\\/\\\/www.glasfolie.nl\\\/nieuws\\\/zonwerende-glasfolie-bij-daikin-combinatie-glasfolie-met-airco-ideaal\\\/#primaryimage\"},\"image\":{\"@id\":\"https:\\\/\\\/www.glasfolie.nl\\\/nieuws\\\/zonwerende-glasfolie-bij-daikin-combinatie-glasfolie-met-airco-ideaal\\\/#primaryimage\"},\"thumbnailUrl\":\"https:\\\/\\\/www.glasfolie.nl\\\/wp-content\\\/uploads\\\/2023\\\/10\\\/ZonweringB_25-02-2021.jpg\",\"datePublished\":\"2021-04-13T06:36:52+00:00\",\"dateModified\":\"2023-10-23T14:34:13+00:00\",\"description\":\"Ook bij\u00a0Daikin Europe\u00a0bleek de combinatie van een airco samen met onze Zonwerende Glasfolie de perfecte oplossing voor het binnenklimaat.\",\"breadcrumb\":{\"@id\":\"https:\\\/\\\/www.glasfolie.nl\\\/nieuws\\\/zonwerende-glasfolie-bij-daikin-combinatie-glasfolie-met-airco-ideaal\\\/#breadcrumb\"},\"inLanguage\":\"fr-FR\",\"potentialAction\":[{\"@type\":\"ReadAction\",\"target\":[\"https:\\\/\\\/www.glasfolie.nl\\\/nieuws\\\/zonwerende-glasfolie-bij-daikin-combinatie-glasfolie-met-airco-ideaal\\\/\"]}]},{\"@type\":\"ImageObject\",\"inLanguage\":\"fr-FR\",\"@id\":\"https:\\\/\\\/www.glasfolie.nl\\\/nieuws\\\/zonwerende-glasfolie-bij-daikin-combinatie-glasfolie-met-airco-ideaal\\\/#primaryimage\",\"url\":\"https:\\\/\\\/www.glasfolie.nl\\\/wp-content\\\/uploads\\\/2023\\\/10\\\/ZonweringB_25-02-2021.jpg\",\"contentUrl\":\"https:\\\/\\\/www.glasfolie.nl\\\/wp-content\\\/uploads\\\/2023\\\/10\\\/ZonweringB_25-02-2021.jpg\",\"width\":850,\"height\":850},{\"@type\":\"BreadcrumbList\",\"@id\":\"https:\\\/\\\/www.glasfolie.nl\\\/nieuws\\\/zonwerende-glasfolie-bij-daikin-combinatie-glasfolie-met-airco-ideaal\\\/#breadcrumb\",\"itemListElement\":[{\"@type\":\"ListItem\",\"position\":1,\"name\":\"Home\",\"item\":\"https:\\\/\\\/www.glasfolie.nl\\\/\"},{\"@type\":\"ListItem\",\"position\":2,\"name\":\"Nieuws\",\"item\":\"https:\\\/\\\/www.glasfolie.nl\\\/nieuws\\\/\"},{\"@type\":\"ListItem\",\"position\":3,\"name\":\"ZONWERENDE GLASFOLIE BIJ DAIKIN &#8211; COMBINATIE GLASFOLIE MET AIRCO IDEAAL\"}]},{\"@type\":\"WebSite\",\"@id\":\"https:\\\/\\\/www.glasfolie.nl\\\/#website\",\"url\":\"https:\\\/\\\/www.glasfolie.nl\\\/\",\"name\":\"Glasfolie Suncontrol\",\"description\":\"Lost al uw problemen met glas op!\",\"potentialAction\":[{\"@type\":\"SearchAction\",\"target\":{\"@type\":\"EntryPoint\",\"urlTemplate\":\"https:\\\/\\\/www.glasfolie.nl\\\/?s={search_term_string}\"},\"query-input\":{\"@type\":\"PropertyValueSpecification\",\"valueRequired\":true,\"valueName\":\"search_term_string\"}}],\"inLanguage\":\"fr-FR\"}]}<\/script>\n<!-- \/ Yoast SEO Premium plugin. -->","yoast_head_json":{"title":"ZONWERENDE GLASFOLIE BIJ DAIKIN - GLASFOLIE & AIRCO COMBI","description":"Ook bij\u00a0Daikin Europe\u00a0bleek de combinatie van een airco samen met onze Zonwerende Glasfolie de perfecte oplossing voor het binnenklimaat.","robots":{"index":"index","follow":"follow","max-snippet":"max-snippet:-1","max-image-preview":"max-image-preview:large","max-video-preview":"max-video-preview:-1"},"canonical":"https:\/\/www.glasfolie.nl\/fr\/nieuws\/zonwerende-glasfolie-bij-daikin-combinatie-glasfolie-met-airco-ideaal\/","og_locale":"fr_FR","og_type":"article","og_title":"ZONWERENDE GLASFOLIE BIJ DAIKIN - COMBINATIE GLASFOLIE MET AIRCO IDEAAL","og_description":"Ook bij\u00a0Daikin Europe\u00a0bleek de combinatie van een airco samen met onze Zonwerende Glasfolie de perfecte oplossing voor het binnenklimaat.","og_url":"https:\/\/www.glasfolie.nl\/fr\/nieuws\/zonwerende-glasfolie-bij-daikin-combinatie-glasfolie-met-airco-ideaal\/","og_site_name":"Glasfolie Suncontrol","article_modified_time":"2023-10-23T14:34:13+00:00","og_image":[{"width":850,"height":850,"url":"https:\/\/www.glasfolie.nl\/wp-content\/uploads\/2023\/10\/ZonweringB_25-02-2021.jpg","type":"image\/jpeg"}],"twitter_card":"summary_large_image","twitter_misc":{"Dur\u00e9e de lecture estim\u00e9e":"1 minute"},"schema":{"@context":"https:\/\/schema.org","@graph":[{"@type":"WebPage","@id":"https:\/\/www.glasfolie.nl\/nieuws\/zonwerende-glasfolie-bij-daikin-combinatie-glasfolie-met-airco-ideaal\/","url":"https:\/\/www.glasfolie.nl\/nieuws\/zonwerende-glasfolie-bij-daikin-combinatie-glasfolie-met-airco-ideaal\/","name":"ZONWERENDE GLASFOLIE BIJ DAIKIN - GLASFOLIE & AIRCO COMBI","isPartOf":{"@id":"https:\/\/www.glasfolie.nl\/#website"},"primaryImageOfPage":{"@id":"https:\/\/www.glasfolie.nl\/nieuws\/zonwerende-glasfolie-bij-daikin-combinatie-glasfolie-met-airco-ideaal\/#primaryimage"},"image":{"@id":"https:\/\/www.glasfolie.nl\/nieuws\/zonwerende-glasfolie-bij-daikin-combinatie-glasfolie-met-airco-ideaal\/#primaryimage"},"thumbnailUrl":"https:\/\/www.glasfolie.nl\/wp-content\/uploads\/2023\/10\/ZonweringB_25-02-2021.jpg","datePublished":"2021-04-13T06:36:52+00:00","dateModified":"2023-10-23T14:34:13+00:00","description":"Ook bij\u00a0Daikin Europe\u00a0bleek de combinatie van een airco samen met onze Zonwerende Glasfolie de perfecte oplossing voor het binnenklimaat.","breadcrumb":{"@id":"https:\/\/www.glasfolie.nl\/nieuws\/zonwerende-glasfolie-bij-daikin-combinatie-glasfolie-met-airco-ideaal\/#breadcrumb"},"inLanguage":"fr-FR","potentialAction":[{"@type":"ReadAction","target":["https:\/\/www.glasfolie.nl\/nieuws\/zonwerende-glasfolie-bij-daikin-combinatie-glasfolie-met-airco-ideaal\/"]}]},{"@type":"ImageObject","inLanguage":"fr-FR","@id":"https:\/\/www.glasfolie.nl\/nieuws\/zonwerende-glasfolie-bij-daikin-combinatie-glasfolie-met-airco-ideaal\/#primaryimage","url":"https:\/\/www.glasfolie.nl\/wp-content\/uploads\/2023\/10\/ZonweringB_25-02-2021.jpg","contentUrl":"https:\/\/www.glasfolie.nl\/wp-content\/uploads\/2023\/10\/ZonweringB_25-02-2021.jpg","width":850,"height":850},{"@type":"BreadcrumbList","@id":"https:\/\/www.glasfolie.nl\/nieuws\/zonwerende-glasfolie-bij-daikin-combinatie-glasfolie-met-airco-ideaal\/#breadcrumb","itemListElement":[{"@type":"ListItem","position":1,"name":"Home","item":"https:\/\/www.glasfolie.nl\/"},{"@type":"ListItem","position":2,"name":"Nieuws","item":"https:\/\/www.glasfolie.nl\/nieuws\/"},{"@type":"ListItem","position":3,"name":"ZONWERENDE GLASFOLIE BIJ DAIKIN &#8211; COMBINATIE GLASFOLIE MET AIRCO IDEAAL"}]},{"@type":"WebSite","@id":"https:\/\/www.glasfolie.nl\/#website","url":"https:\/\/www.glasfolie.nl\/","name":"Film de verre Suncontrol","description":"R\u00e9sout tous vos probl\u00e8mes de verre !","potentialAction":[{"@type":"SearchAction","target":{"@type":"EntryPoint","urlTemplate":"https:\/\/www.glasfolie.nl\/?s={search_term_string}"},"query-input":{"@type":"PropertyValueSpecification","valueRequired":true,"valueName":"search_term_string"}}],"inLanguage":"fr-FR"}]}},"_links":{"self":[{"href":"https:\/\/www.glasfolie.nl\/fr\/wp-json\/wp\/v2\/nieuws\/5028","targetHints":{"allow":["GET"]}}],"collection":[{"href":"https:\/\/www.glasfolie.nl\/fr\/wp-json\/wp\/v2\/nieuws"}],"about":[{"href":"https:\/\/www.glasfolie.nl\/fr\/wp-json\/wp\/v2\/types\/nieuws"}],"version-history":[{"count":1,"href":"https:\/\/www.glasfolie.nl\/fr\/wp-json\/wp\/v2\/nieuws\/5028\/revisions"}],"predecessor-version":[{"id":5030,"href":"https:\/\/www.glasfolie.nl\/fr\/wp-json\/wp\/v2\/nieuws\/5028\/revisions\/5030"}],"wp:featuredmedia":[{"embeddable":true,"href":"https:\/\/www.glasfolie.nl\/fr\/wp-json\/wp\/v2\/media\/5029"}],"wp:attachment":[{"href":"https:\/\/www.glasfolie.nl\/fr\/wp-json\/wp\/v2\/media?parent=5028"}],"curies":[{"name":"wp","href":"https:\/\/api.w.org\/{rel}","templated":true}]}}

FILM EN VERRE DE CONTRÔLE SOLAIRE CHEZ DAIKIN - FILM EN VERRE COMBINÉ AVEC UN SYSTÈME DE CONDITIONNEMENT D'AIR IDÉAL

<!-- This site is optimized with the Yoast SEO Premium plugin v22.6 (Yoast SEO v27.5) - https://yoast.com/product/yoast-seo-premium-wordpress/ -->
<title>ZONWERENDE GLASFOLIE BIJ DAIKIN - GLASFOLIE &amp; AIRCO COMBI</title>
<meta name="description" content="Ook bij Daikin Europe bleek de combinatie van een airco samen met onze Zonwerende Glasfolie de perfecte oplossing voor het binnenklimaat." />
<meta name="robots" content="index, follow, max-snippet:-1, max-image-preview:large, max-video-preview:-1" />
<link rel="canonical" href="https://www.glasfolie.nl/fr/nieuws/zonwerende-glasfolie-bij-daikin-combinatie-glasfolie-met-airco-ideaal/" />
<meta property="og:locale" content="fr_FR" />
<meta property="og:type" content="article" />
<meta property="og:title" content="ZONWERENDE GLASFOLIE BIJ DAIKIN - COMBINATIE GLASFOLIE MET AIRCO IDEAAL" />
<meta property="og:description" content="Ook bij Daikin Europe bleek de combinatie van een airco samen met onze Zonwerende Glasfolie de perfecte oplossing voor het binnenklimaat." />
<meta property="og:url" content="https://www.glasfolie.nl/fr/nieuws/zonwerende-glasfolie-bij-daikin-combinatie-glasfolie-met-airco-ideaal/" />
<meta property="og:site_name" content="Glasfolie Suncontrol" />
<meta property="article:modified_time" content="2023-10-23T14:34:13+00:00" />
<meta property="og:image" content="https://www.glasfolie.nl/wp-content/uploads/2023/10/ZonweringB_25-02-2021.jpg" />
	<meta property="og:image:width" content="850" />
	<meta property="og:image:height" content="850" />
	<meta property="og:image:type" content="image/jpeg" />
<meta name="twitter:card" content="summary_large_image" />
<meta name="twitter:label1" content="Durée de lecture estimée" />
	<meta name="twitter:data1" content="1 minute" />
<script type="application/ld+json" class="yoast-schema-graph">{"@context":"https:\/\/schema.org","@graph":[{"@type":"WebPage","@id":"https:\/\/www.glasfolie.nl\/nieuws\/zonwerende-glasfolie-bij-daikin-combinatie-glasfolie-met-airco-ideaal\/","url":"https:\/\/www.glasfolie.nl\/nieuws\/zonwerende-glasfolie-bij-daikin-combinatie-glasfolie-met-airco-ideaal\/","name":"ZONWERENDE GLASFOLIE BIJ DAIKIN - GLASFOLIE & AIRCO COMBI","isPartOf":{"@id":"https:\/\/www.glasfolie.nl\/#website"},"primaryImageOfPage":{"@id":"https:\/\/www.glasfolie.nl\/nieuws\/zonwerende-glasfolie-bij-daikin-combinatie-glasfolie-met-airco-ideaal\/#primaryimage"},"image":{"@id":"https:\/\/www.glasfolie.nl\/nieuws\/zonwerende-glasfolie-bij-daikin-combinatie-glasfolie-met-airco-ideaal\/#primaryimage"},"thumbnailUrl":"https:\/\/www.glasfolie.nl\/wp-content\/uploads\/2023\/10\/ZonweringB_25-02-2021.jpg","datePublished":"2021-04-13T06:36:52+00:00","dateModified":"2023-10-23T14:34:13+00:00","description":"Ook bij Daikin Europe bleek de combinatie van een airco samen met onze Zonwerende Glasfolie de perfecte oplossing voor het binnenklimaat.","breadcrumb":{"@id":"https:\/\/www.glasfolie.nl\/nieuws\/zonwerende-glasfolie-bij-daikin-combinatie-glasfolie-met-airco-ideaal\/#breadcrumb"},"inLanguage":"fr-FR","potentialAction":[{"@type":"ReadAction","target":["https:\/\/www.glasfolie.nl\/nieuws\/zonwerende-glasfolie-bij-daikin-combinatie-glasfolie-met-airco-ideaal\/"]}]},{"@type":"ImageObject","inLanguage":"fr-FR","@id":"https:\/\/www.glasfolie.nl\/nieuws\/zonwerende-glasfolie-bij-daikin-combinatie-glasfolie-met-airco-ideaal\/#primaryimage","url":"https:\/\/www.glasfolie.nl\/wp-content\/uploads\/2023\/10\/ZonweringB_25-02-2021.jpg","contentUrl":"https:\/\/www.glasfolie.nl\/wp-content\/uploads\/2023\/10\/ZonweringB_25-02-2021.jpg","width":850,"height":850},{"@type":"BreadcrumbList","@id":"https:\/\/www.glasfolie.nl\/nieuws\/zonwerende-glasfolie-bij-daikin-combinatie-glasfolie-met-airco-ideaal\/#breadcrumb","itemListElement":[{"@type":"ListItem","position":1,"name":"Home","item":"https:\/\/www.glasfolie.nl\/"},{"@type":"ListItem","position":2,"name":"Nieuws","item":"https:\/\/www.glasfolie.nl\/nieuws\/"},{"@type":"ListItem","position":3,"name":"ZONWERENDE GLASFOLIE BIJ DAIKIN &#8211; COMBINATIE GLASFOLIE MET AIRCO IDEAAL"}]},{"@type":"WebSite","@id":"https:\/\/www.glasfolie.nl\/#website","url":"https:\/\/www.glasfolie.nl\/","name":"Glasfolie Suncontrol","description":"Lost al uw problemen met glas op!","potentialAction":[{"@type":"SearchAction","target":{"@type":"EntryPoint","urlTemplate":"https:\/\/www.glasfolie.nl\/?s={search_term_string}"},"query-input":{"@type":"PropertyValueSpecification","valueRequired":true,"valueName":"search_term_string"}}],"inLanguage":"fr-FR"}]}</script>
<!-- / Yoast SEO Premium plugin. -->

Résout tous vos problèmes de verre !
