{"id":4489,"date":"2018-10-31T11:01:16","date_gmt":"2018-10-31T10:01:16","guid":{"rendered":"http:\/\/85.10.154.84\/~controle\/nieuws\/schade-verkleuring-uv-werende-glasfolie\/"},"modified":"2023-10-23T15:32:30","modified_gmt":"2023-10-23T14:32:30","slug":"schade-verkleuring-uv-werende-glasfolie","status":"publish","type":"nieuws","link":"https:\/\/www.glasfolie.nl\/fr\/nieuws\/schade-verkleuring-uv-werende-glasfolie\/","title":{"rendered":"DOMMAGES CAUS\u00c9S PAR LA D\u00c9COLORATION ? FILM POUR VERRE R\u00c9SISTANT AUX UV"},"content":{"rendered":"<p style=\"text-align: left;\">[ezcol_2third]Door de speciale samenstelling verhindert UV Werende Glasfolie verkleuren van Leer, Textiel, Meubilair en andere kleurige artikelen. Daarom is deze volledig transparante toepassing bijzonder geschikt voor bijvoorbeeld etalages en musea.Tegenwoordig wordt de UV Block ook steeds meer toegepast in woonhuizen.[\/ezcol_2third] [ezcol_1third_end]<\/p>\n<p>[\/ezcol_1third_end]<\/p>\n<p style=\"text-align: left;\"><a href=\"https:\/\/www.glasfolie.nl\/producten\/uv-werende-glasfolie\/\"><img loading=\"lazy\" decoding=\"async\" class=\"alignnone size-medium wp-image-6374\" src=\"https:\/\/www.glasfolie.nl\/wp-content\/uploads\/2023\/10\/UV_Block_01-05-2018-300x300.jpg\" alt=\"UV_Block_01-05-2018\" width=\"300\" height=\"300\"><\/a><\/p>\n<p style=\"text-align: left;\">&nbsp;<\/p>\n","protected":false},"featured_media":4490,"template":"","class_list":["post-4489","nieuws","type-nieuws","status-publish","has-post-thumbnail","hentry"],"acf":[],"yoast_head":"<!-- This site is optimized with the Yoast SEO Premium plugin v22.6 (Yoast SEO v27.5) - https:\/\/yoast.com\/product\/yoast-seo-premium-wordpress\/ -->\n<title>SCHADE DOOR VERKLEURING..? UV WERENDE GLASFOLIE<\/title>\n<meta name=\"description\" content=\"Schade door verkleuring? De speciale samenstelling verhindert UV Werende Glasfolie verkleuren van Leer, Textiel, Meubilair en andere kleurige artikelen.\" \/>\n<meta name=\"robots\" content=\"index, follow, max-snippet:-1, max-image-preview:large, max-video-preview:-1\" \/>\n<link rel=\"canonical\" href=\"https:\/\/www.glasfolie.nl\/fr\/nieuws\/schade-verkleuring-uv-werende-glasfolie\/\" \/>\n<meta property=\"og:locale\" content=\"fr_FR\" \/>\n<meta property=\"og:type\" content=\"article\" \/>\n<meta property=\"og:title\" content=\"SCHADE DOOR VERKLEURING..? UV WERENDE GLASFOLIE\" \/>\n<meta property=\"og:description\" content=\"Schade door verkleuring? De speciale samenstelling verhindert UV Werende Glasfolie verkleuren van Leer, Textiel, Meubilair en andere kleurige artikelen.\" \/>\n<meta property=\"og:url\" content=\"https:\/\/www.glasfolie.nl\/fr\/nieuws\/schade-verkleuring-uv-werende-glasfolie\/\" \/>\n<meta property=\"og:site_name\" content=\"Glasfolie Suncontrol\" \/>\n<meta property=\"article:modified_time\" content=\"2023-10-23T14:32:30+00:00\" \/>\n<meta property=\"og:image\" content=\"https:\/\/www.glasfolie.nl\/wp-content\/uploads\/2023\/10\/UV_Block_01-05-2018.jpg\" \/>\n\t<meta property=\"og:image:width\" content=\"850\" \/>\n\t<meta property=\"og:image:height\" content=\"850\" \/>\n\t<meta property=\"og:image:type\" content=\"image\/jpeg\" \/>\n<meta name=\"twitter:card\" content=\"summary_large_image\" \/>\n<meta name=\"twitter:label1\" content=\"Dur\u00e9e de lecture estim\u00e9e\" \/>\n\t<meta name=\"twitter:data1\" content=\"1 minute\" \/>\n<script type=\"application\/ld+json\" class=\"yoast-schema-graph\">{\"@context\":\"https:\\\/\\\/schema.org\",\"@graph\":[{\"@type\":\"WebPage\",\"@id\":\"https:\\\/\\\/www.glasfolie.nl\\\/nieuws\\\/schade-verkleuring-uv-werende-glasfolie\\\/\",\"url\":\"https:\\\/\\\/www.glasfolie.nl\\\/nieuws\\\/schade-verkleuring-uv-werende-glasfolie\\\/\",\"name\":\"SCHADE DOOR VERKLEURING..? UV WERENDE GLASFOLIE\",\"isPartOf\":{\"@id\":\"https:\\\/\\\/www.glasfolie.nl\\\/#website\"},\"primaryImageOfPage\":{\"@id\":\"https:\\\/\\\/www.glasfolie.nl\\\/nieuws\\\/schade-verkleuring-uv-werende-glasfolie\\\/#primaryimage\"},\"image\":{\"@id\":\"https:\\\/\\\/www.glasfolie.nl\\\/nieuws\\\/schade-verkleuring-uv-werende-glasfolie\\\/#primaryimage\"},\"thumbnailUrl\":\"https:\\\/\\\/www.glasfolie.nl\\\/wp-content\\\/uploads\\\/2023\\\/10\\\/UV_Block_01-05-2018.jpg\",\"datePublished\":\"2018-10-31T10:01:16+00:00\",\"dateModified\":\"2023-10-23T14:32:30+00:00\",\"description\":\"Schade door verkleuring? De speciale samenstelling verhindert UV Werende Glasfolie verkleuren van Leer, Textiel, Meubilair en andere kleurige artikelen.\",\"breadcrumb\":{\"@id\":\"https:\\\/\\\/www.glasfolie.nl\\\/nieuws\\\/schade-verkleuring-uv-werende-glasfolie\\\/#breadcrumb\"},\"inLanguage\":\"fr-FR\",\"potentialAction\":[{\"@type\":\"ReadAction\",\"target\":[\"https:\\\/\\\/www.glasfolie.nl\\\/nieuws\\\/schade-verkleuring-uv-werende-glasfolie\\\/\"]}]},{\"@type\":\"ImageObject\",\"inLanguage\":\"fr-FR\",\"@id\":\"https:\\\/\\\/www.glasfolie.nl\\\/nieuws\\\/schade-verkleuring-uv-werende-glasfolie\\\/#primaryimage\",\"url\":\"https:\\\/\\\/www.glasfolie.nl\\\/wp-content\\\/uploads\\\/2023\\\/10\\\/UV_Block_01-05-2018.jpg\",\"contentUrl\":\"https:\\\/\\\/www.glasfolie.nl\\\/wp-content\\\/uploads\\\/2023\\\/10\\\/UV_Block_01-05-2018.jpg\",\"width\":850,\"height\":850},{\"@type\":\"BreadcrumbList\",\"@id\":\"https:\\\/\\\/www.glasfolie.nl\\\/nieuws\\\/schade-verkleuring-uv-werende-glasfolie\\\/#breadcrumb\",\"itemListElement\":[{\"@type\":\"ListItem\",\"position\":1,\"name\":\"Home\",\"item\":\"https:\\\/\\\/www.glasfolie.nl\\\/\"},{\"@type\":\"ListItem\",\"position\":2,\"name\":\"Nieuws\",\"item\":\"https:\\\/\\\/www.glasfolie.nl\\\/nieuws\\\/\"},{\"@type\":\"ListItem\",\"position\":3,\"name\":\"SCHADE DOOR VERKLEURING..? UV WERENDE GLASFOLIE\"}]},{\"@type\":\"WebSite\",\"@id\":\"https:\\\/\\\/www.glasfolie.nl\\\/#website\",\"url\":\"https:\\\/\\\/www.glasfolie.nl\\\/\",\"name\":\"Glasfolie Suncontrol\",\"description\":\"Lost al uw problemen met glas op!\",\"potentialAction\":[{\"@type\":\"SearchAction\",\"target\":{\"@type\":\"EntryPoint\",\"urlTemplate\":\"https:\\\/\\\/www.glasfolie.nl\\\/?s={search_term_string}\"},\"query-input\":{\"@type\":\"PropertyValueSpecification\",\"valueRequired\":true,\"valueName\":\"search_term_string\"}}],\"inLanguage\":\"fr-FR\"}]}<\/script>\n<!-- \/ Yoast SEO Premium plugin. -->","yoast_head_json":{"title":"DOMMAGES CAUS\u00c9S PAR LA D\u00c9COLORATION ? FILM POUR VERRE R\u00c9SISTANT AUX UV","description":"Dommages caus\u00e9s par la d\u00e9coloration ? La composition sp\u00e9ciale emp\u00eache le film de verre r\u00e9sistant aux UV de d\u00e9colorer le cuir, les textiles, les meubles et autres objets color\u00e9s.","robots":{"index":"index","follow":"follow","max-snippet":"max-snippet:-1","max-image-preview":"max-image-preview:large","max-video-preview":"max-video-preview:-1"},"canonical":"https:\/\/www.glasfolie.nl\/fr\/nieuws\/schade-verkleuring-uv-werende-glasfolie\/","og_locale":"fr_FR","og_type":"article","og_title":"SCHADE DOOR VERKLEURING..? UV WERENDE GLASFOLIE","og_description":"Schade door verkleuring? De speciale samenstelling verhindert UV Werende Glasfolie verkleuren van Leer, Textiel, Meubilair en andere kleurige artikelen.","og_url":"https:\/\/www.glasfolie.nl\/fr\/nieuws\/schade-verkleuring-uv-werende-glasfolie\/","og_site_name":"Glasfolie Suncontrol","article_modified_time":"2023-10-23T14:32:30+00:00","og_image":[{"width":850,"height":850,"url":"https:\/\/www.glasfolie.nl\/wp-content\/uploads\/2023\/10\/UV_Block_01-05-2018.jpg","type":"image\/jpeg"}],"twitter_card":"summary_large_image","twitter_misc":{"Dur\u00e9e de lecture estim\u00e9e":"1 minute"},"schema":{"@context":"https:\/\/schema.org","@graph":[{"@type":"WebPage","@id":"https:\/\/www.glasfolie.nl\/nieuws\/schade-verkleuring-uv-werende-glasfolie\/","url":"https:\/\/www.glasfolie.nl\/nieuws\/schade-verkleuring-uv-werende-glasfolie\/","name":"DOMMAGES CAUS\u00c9S PAR LA D\u00c9COLORATION ? FILM POUR VERRE R\u00c9SISTANT AUX UV","isPartOf":{"@id":"https:\/\/www.glasfolie.nl\/#website"},"primaryImageOfPage":{"@id":"https:\/\/www.glasfolie.nl\/nieuws\/schade-verkleuring-uv-werende-glasfolie\/#primaryimage"},"image":{"@id":"https:\/\/www.glasfolie.nl\/nieuws\/schade-verkleuring-uv-werende-glasfolie\/#primaryimage"},"thumbnailUrl":"https:\/\/www.glasfolie.nl\/wp-content\/uploads\/2023\/10\/UV_Block_01-05-2018.jpg","datePublished":"2018-10-31T10:01:16+00:00","dateModified":"2023-10-23T14:32:30+00:00","description":"Dommages caus\u00e9s par la d\u00e9coloration ? La composition sp\u00e9ciale emp\u00eache le film de verre r\u00e9sistant aux UV de d\u00e9colorer le cuir, les textiles, les meubles et autres objets color\u00e9s.","breadcrumb":{"@id":"https:\/\/www.glasfolie.nl\/nieuws\/schade-verkleuring-uv-werende-glasfolie\/#breadcrumb"},"inLanguage":"fr-FR","potentialAction":[{"@type":"ReadAction","target":["https:\/\/www.glasfolie.nl\/nieuws\/schade-verkleuring-uv-werende-glasfolie\/"]}]},{"@type":"ImageObject","inLanguage":"fr-FR","@id":"https:\/\/www.glasfolie.nl\/nieuws\/schade-verkleuring-uv-werende-glasfolie\/#primaryimage","url":"https:\/\/www.glasfolie.nl\/wp-content\/uploads\/2023\/10\/UV_Block_01-05-2018.jpg","contentUrl":"https:\/\/www.glasfolie.nl\/wp-content\/uploads\/2023\/10\/UV_Block_01-05-2018.jpg","width":850,"height":850},{"@type":"BreadcrumbList","@id":"https:\/\/www.glasfolie.nl\/nieuws\/schade-verkleuring-uv-werende-glasfolie\/#breadcrumb","itemListElement":[{"@type":"ListItem","position":1,"name":"Home","item":"https:\/\/www.glasfolie.nl\/"},{"@type":"ListItem","position":2,"name":"Nieuws","item":"https:\/\/www.glasfolie.nl\/nieuws\/"},{"@type":"ListItem","position":3,"name":"SCHADE DOOR VERKLEURING..? UV WERENDE GLASFOLIE"}]},{"@type":"WebSite","@id":"https:\/\/www.glasfolie.nl\/#website","url":"https:\/\/www.glasfolie.nl\/","name":"Film de verre Suncontrol","description":"R\u00e9sout tous vos probl\u00e8mes de verre !","potentialAction":[{"@type":"SearchAction","target":{"@type":"EntryPoint","urlTemplate":"https:\/\/www.glasfolie.nl\/?s={search_term_string}"},"query-input":{"@type":"PropertyValueSpecification","valueRequired":true,"valueName":"search_term_string"}}],"inLanguage":"fr-FR"}]}},"_links":{"self":[{"href":"https:\/\/www.glasfolie.nl\/fr\/wp-json\/wp\/v2\/nieuws\/4489","targetHints":{"allow":["GET"]}}],"collection":[{"href":"https:\/\/www.glasfolie.nl\/fr\/wp-json\/wp\/v2\/nieuws"}],"about":[{"href":"https:\/\/www.glasfolie.nl\/fr\/wp-json\/wp\/v2\/types\/nieuws"}],"version-history":[{"count":1,"href":"https:\/\/www.glasfolie.nl\/fr\/wp-json\/wp\/v2\/nieuws\/4489\/revisions"}],"predecessor-version":[{"id":4491,"href":"https:\/\/www.glasfolie.nl\/fr\/wp-json\/wp\/v2\/nieuws\/4489\/revisions\/4491"}],"wp:featuredmedia":[{"embeddable":true,"href":"https:\/\/www.glasfolie.nl\/fr\/wp-json\/wp\/v2\/media\/4490"}],"wp:attachment":[{"href":"https:\/\/www.glasfolie.nl\/fr\/wp-json\/wp\/v2\/media?parent=4489"}],"curies":[{"name":"wp","href":"https:\/\/api.w.org\/{rel}","templated":true}]}}

DOMMAGES CAUSÉS PAR LA DÉCOLORATION ? FILM POUR VERRE RÉSISTANT AUX UV

<!-- This site is optimized with the Yoast SEO Premium plugin v22.6 (Yoast SEO v27.5) - https://yoast.com/product/yoast-seo-premium-wordpress/ -->
<title>SCHADE DOOR VERKLEURING..? UV WERENDE GLASFOLIE</title>
<meta name="description" content="Schade door verkleuring? De speciale samenstelling verhindert UV Werende Glasfolie verkleuren van Leer, Textiel, Meubilair en andere kleurige artikelen." />
<meta name="robots" content="index, follow, max-snippet:-1, max-image-preview:large, max-video-preview:-1" />
<link rel="canonical" href="https://www.glasfolie.nl/fr/nieuws/schade-verkleuring-uv-werende-glasfolie/" />
<meta property="og:locale" content="fr_FR" />
<meta property="og:type" content="article" />
<meta property="og:title" content="SCHADE DOOR VERKLEURING..? UV WERENDE GLASFOLIE" />
<meta property="og:description" content="Schade door verkleuring? De speciale samenstelling verhindert UV Werende Glasfolie verkleuren van Leer, Textiel, Meubilair en andere kleurige artikelen." />
<meta property="og:url" content="https://www.glasfolie.nl/fr/nieuws/schade-verkleuring-uv-werende-glasfolie/" />
<meta property="og:site_name" content="Glasfolie Suncontrol" />
<meta property="article:modified_time" content="2023-10-23T14:32:30+00:00" />
<meta property="og:image" content="https://www.glasfolie.nl/wp-content/uploads/2023/10/UV_Block_01-05-2018.jpg" />
	<meta property="og:image:width" content="850" />
	<meta property="og:image:height" content="850" />
	<meta property="og:image:type" content="image/jpeg" />
<meta name="twitter:card" content="summary_large_image" />
<meta name="twitter:label1" content="Durée de lecture estimée" />
	<meta name="twitter:data1" content="1 minute" />
<script type="application/ld+json" class="yoast-schema-graph">{"@context":"https:\/\/schema.org","@graph":[{"@type":"WebPage","@id":"https:\/\/www.glasfolie.nl\/nieuws\/schade-verkleuring-uv-werende-glasfolie\/","url":"https:\/\/www.glasfolie.nl\/nieuws\/schade-verkleuring-uv-werende-glasfolie\/","name":"SCHADE DOOR VERKLEURING..? UV WERENDE GLASFOLIE","isPartOf":{"@id":"https:\/\/www.glasfolie.nl\/#website"},"primaryImageOfPage":{"@id":"https:\/\/www.glasfolie.nl\/nieuws\/schade-verkleuring-uv-werende-glasfolie\/#primaryimage"},"image":{"@id":"https:\/\/www.glasfolie.nl\/nieuws\/schade-verkleuring-uv-werende-glasfolie\/#primaryimage"},"thumbnailUrl":"https:\/\/www.glasfolie.nl\/wp-content\/uploads\/2023\/10\/UV_Block_01-05-2018.jpg","datePublished":"2018-10-31T10:01:16+00:00","dateModified":"2023-10-23T14:32:30+00:00","description":"Schade door verkleuring? De speciale samenstelling verhindert UV Werende Glasfolie verkleuren van Leer, Textiel, Meubilair en andere kleurige artikelen.","breadcrumb":{"@id":"https:\/\/www.glasfolie.nl\/nieuws\/schade-verkleuring-uv-werende-glasfolie\/#breadcrumb"},"inLanguage":"fr-FR","potentialAction":[{"@type":"ReadAction","target":["https:\/\/www.glasfolie.nl\/nieuws\/schade-verkleuring-uv-werende-glasfolie\/"]}]},{"@type":"ImageObject","inLanguage":"fr-FR","@id":"https:\/\/www.glasfolie.nl\/nieuws\/schade-verkleuring-uv-werende-glasfolie\/#primaryimage","url":"https:\/\/www.glasfolie.nl\/wp-content\/uploads\/2023\/10\/UV_Block_01-05-2018.jpg","contentUrl":"https:\/\/www.glasfolie.nl\/wp-content\/uploads\/2023\/10\/UV_Block_01-05-2018.jpg","width":850,"height":850},{"@type":"BreadcrumbList","@id":"https:\/\/www.glasfolie.nl\/nieuws\/schade-verkleuring-uv-werende-glasfolie\/#breadcrumb","itemListElement":[{"@type":"ListItem","position":1,"name":"Home","item":"https:\/\/www.glasfolie.nl\/"},{"@type":"ListItem","position":2,"name":"Nieuws","item":"https:\/\/www.glasfolie.nl\/nieuws\/"},{"@type":"ListItem","position":3,"name":"SCHADE DOOR VERKLEURING..? UV WERENDE GLASFOLIE"}]},{"@type":"WebSite","@id":"https:\/\/www.glasfolie.nl\/#website","url":"https:\/\/www.glasfolie.nl\/","name":"Glasfolie Suncontrol","description":"Lost al uw problemen met glas op!","potentialAction":[{"@type":"SearchAction","target":{"@type":"EntryPoint","urlTemplate":"https:\/\/www.glasfolie.nl\/?s={search_term_string}"},"query-input":{"@type":"PropertyValueSpecification","valueRequired":true,"valueName":"search_term_string"}}],"inLanguage":"fr-FR"}]}</script>
<!-- / Yoast SEO Premium plugin. -->

Dommages causés par la décoloration ? La composition spéciale empêche le film de verre résistant aux UV de décolorer le cuir, les textiles, les meubles et autres objets colorés.

Résout tous vos problèmes de verre !
